{"id":6757,"date":"2022-04-12T11:19:24","date_gmt":"2022-04-12T09:19:24","guid":{"rendered":"https:\/\/bibliamuzeum.com\/wp-content\/uploads\/mecses.jpeg"},"modified":"2022-04-12T11:19:34","modified_gmt":"2022-04-12T09:19:34","slug":"mecses-2-2","status":"inherit","type":"attachment","link":"https:\/\/bibliamuzeum.com\/en\/mecses-2-2\/","title":{"rendered":"mecses"},"author":2,"featured_media":0,"comment_status":"closed","ping_status":"closed","template":"","meta":[],"class_list":["post-6757","attachment","type-attachment","status-inherit","hentry"],"description":{"rendered":"<p class=\"attachment\"><a href='https:\/\/bibliamuzeum.com\/wp-content\/uploads\/mecses.jpeg'><img loading=\"lazy\" decoding=\"async\" width=\"1200\" height=\"675\" src=\"https:\/\/bibliamuzeum.com\/wp-content\/uploads\/mecses.jpeg\" class=\"attachment-medium size-medium\" alt=\"A kora kereszt\u00e9ny m\u00e9cseseken gyakran \u00e1br\u00e1zolt\u00e1k a b\u00e9k\u00e1t mint az \u00e9let \u00e9s a felt\u00e1mad\u00e1s szimb\u00f3lum\u00e1t. Ezeken a l\u00e1mp\u00e1kon olykor l\u00e1that\u00f3 a sz\u0151l\u0151, a lombos \u00e1g, \u00e9s J\u00e9zus szavai is olvashat\u00f3k: &quot;\u00c9n vagyok a felt\u00e1mad\u00e1s \u00e9s az \u00e9let&quot; (Jn 11,25) \u00c1ldott h\u00fasv\u00e9ti \u00fcnnepet k\u00edv\u00e1nnak a Bibliam\u00fazeum munkat\u00e1rsai.\" srcset=\"https:\/\/bibliamuzeum.com\/wp-content\/uploads\/mecses.jpeg 1200w, https:\/\/bibliamuzeum.com\/wp-content\/uploads\/mecses-510x287.jpeg 510w, https:\/\/bibliamuzeum.com\/wp-content\/uploads\/mecses-1024x576.jpeg 1024w, https:\/\/bibliamuzeum.com\/wp-content\/uploads\/mecses-600x338.jpeg 600w\" sizes=\"auto, (max-width: 1200px) 100vw, 1200px\" \/><\/a><\/p>\n"},"caption":{"rendered":""},"alt_text":"A kora kereszt\u00e9ny m\u00e9cseseken gyakran \u00e1br\u00e1zolt\u00e1k a b\u00e9k\u00e1t mint az \u00e9let \u00e9s a felt\u00e1mad\u00e1s szimb\u00f3lum\u00e1t. Ezeken a l\u00e1mp\u00e1kon olykor l\u00e1that\u00f3 a sz\u0151l\u0151, a lombos \u00e1g, \u00e9s J\u00e9zus szavai is olvashat\u00f3k: \"\u00c9n vagyok a felt\u00e1mad\u00e1s \u00e9s az \u00e9let\" (Jn 11,25) \u00c1ldott h\u00fasv\u00e9ti \u00fcnnepet k\u00edv\u00e1nnak a Bibliam\u00fazeum munkat\u00e1rsai.","media_type":"image","mime_type":"image\/jpeg","media_details":{"width":1200,"height":675,"file":"mecses.jpeg","filesize":221896,"sizes":{"woocommerce_thumbnail":{"file":"mecses-247x296.jpeg","width":247,"height":296,"filesize":14143,"uncropped":false,"mime_type":"image\/jpeg","source_url":"https:\/\/bibliamuzeum.com\/wp-content\/uploads\/mecses-247x296.jpeg"},"woocommerce_gallery_thumbnail":{"file":"mecses-100x100.jpeg","width":100,"height":100,"filesize":3016,"mime_type":"image\/jpeg","source_url":"https:\/\/bibliamuzeum.com\/wp-content\/uploads\/mecses-100x100.jpeg"},"woocommerce_single":{"file":"mecses-510x287.jpeg","width":510,"height":287,"filesize":19730,"mime_type":"image\/jpeg","source_url":"https:\/\/bibliamuzeum.com\/wp-content\/uploads\/mecses-510x287.jpeg"},"large":{"file":"mecses-1024x576.jpeg","width":1024,"height":576,"mime_type":"image\/jpeg","source_url":"https:\/\/bibliamuzeum.com\/wp-content\/uploads\/mecses-1024x576.jpeg"},"thumbnail":{"file":"mecses-220x220.jpeg","width":220,"height":220,"mime_type":"image\/jpeg","source_url":"https:\/\/bibliamuzeum.com\/wp-content\/uploads\/mecses-220x220.jpeg"},"shop_catalog":{"file":"mecses-300x300.jpeg","width":300,"height":300,"mime_type":"image\/jpeg","source_url":"https:\/\/bibliamuzeum.com\/wp-content\/uploads\/mecses-300x300.jpeg"},"shop_single":{"file":"mecses-600x338.jpeg","width":600,"height":338,"mime_type":"image\/jpeg","source_url":"https:\/\/bibliamuzeum.com\/wp-content\/uploads\/mecses-600x338.jpeg"},"shop_thumbnail":{"file":"mecses-100x100.jpeg","width":100,"height":100,"mime_type":"image\/jpeg","source_url":"https:\/\/bibliamuzeum.com\/wp-content\/uploads\/mecses-100x100.jpeg"},"full":{"file":"mecses.jpeg","width":1200,"height":675,"mime_type":"image\/jpeg","source_url":"https:\/\/bibliamuzeum.com\/wp-content\/uploads\/mecses.jpeg"}},"image_meta":{"aperture":"0","credit":"","camera":"","caption":"","created_timestamp":"0","copyright":"","focal_length":"0","iso":"0","shutter_speed":"0","title":"","orientation":"0","keywords":[]}},"post":null,"source_url":"https:\/\/bibliamuzeum.com\/wp-content\/uploads\/mecses.jpeg","_links":{"self":[{"href":"https:\/\/bibliamuzeum.com\/en\/wp-json\/wp\/v2\/media\/6757","targetHints":{"allow":["GET"]}}],"collection":[{"href":"https:\/\/bibliamuzeum.com\/en\/wp-json\/wp\/v2\/media"}],"about":[{"href":"https:\/\/bibliamuzeum.com\/en\/wp-json\/wp\/v2\/types\/attachment"}],"author":[{"embeddable":true,"href":"https:\/\/bibliamuzeum.com\/en\/wp-json\/wp\/v2\/users\/2"}],"replies":[{"embeddable":true,"href":"https:\/\/bibliamuzeum.com\/en\/wp-json\/wp\/v2\/comments?post=6757"}]}}

<p class="attachment"><a href='https://bibliamuzeum.com/wp-content/uploads/mecses.jpeg'><img loading="lazy" decoding="async" width="1200" height="675" src="https://bibliamuzeum.com/wp-content/uploads/mecses.jpeg" class="attachment-medium size-medium" alt="A kora keresztény mécseseken gyakran ábrázolták a békát mint az élet és a feltámadás szimbólumát. Ezeken a lámpákon olykor látható a szőlő, a lombos ág, és Jézus szavai is olvashatók: &quot;Én vagyok a feltámadás és az élet&quot; (Jn 11,25) Áldott húsvéti ünnepet kívánnak a Bibliamúzeum munkatársai." srcset="https://bibliamuzeum.com/wp-content/uploads/mecses.jpeg 1200w, https://bibliamuzeum.com/wp-content/uploads/mecses-510x287.jpeg 510w, https://bibliamuzeum.com/wp-content/uploads/mecses-1024x576.jpeg 1024w, https://bibliamuzeum.com/wp-content/uploads/mecses-600x338.jpeg 600w" sizes="auto, (max-width: 1200px) 100vw, 1200px" /></a></p>

A kora keresztény mécseseken gyakran ábrázolták a békát mint az élet és a feltámadás szimbólumát. Ezeken a lámpákon olykor látható a szőlő, a lombos ág, és Jézus szavai is olvashatók: "Én vagyok a feltámadás és az élet" (Jn 11,25) Áldott húsvéti ünnepet kívánnak a Bibliamúzeum munkatársai.
